{"id":2738,"date":"2023-03-07T22:26:51","date_gmt":"2023-03-07T21:26:51","guid":{"rendered":"https:\/\/martin-schwierz-fotografie.de\/?page_id=2738"},"modified":"2024-01-22T09:59:04","modified_gmt":"2024-01-22T08:59:04","slug":"leistungen-portrait","status":"publish","type":"page","link":"https:\/\/martin-schwierz-fotografie.de\/?page_id=2738","title":{"rendered":"Leistungen Portrait"},"content":{"rendered":"\n<p>Beim Portrait Shooting konzentriere ich mich auf einzelne Personen in Bezug auf Unternehmensfotos, Internetauftritt, Selbstst\u00e4ndigkeit oder Selbstverwirklichung. Wir besprechen im Vorwege das Ziel der Fotos, das passende Umfeld und ich k\u00fcmmere mich um das passende Setup, Belichtung, Bildkomposition und Posing. Das Shooting kann im Freien unter nat\u00fcrlichem Licht stattfinden oder auch in Geb\u00e4uden mit mobilem Studiosetup erfolgen. Folgende Leistungen biete ich gerne an. Sollte ein Paket nicht ideal passen, k\u00f6nnen wir gerne individuell \u00fcber die Vorstellungen sprechen. <\/p>\n\n\n\n<p><\/p>\n\n\n\n<h2 class=\"wp-block-heading\">Business Portrait on Location<\/h2>\n\n\n\n<p>Basispreis 190\u20ac + je Person 55\u20ac<br>Aufbau Studiosetup im ausgew\u00e4hltem Umfeld (Studioblitze, Lichtformer, Hintergrund) <br>Je portr\u00e4tierter Person werden <br>&#8211; mehrere Fotos geschossen, gemeinsam besprochen und bis zum Wunschergebnis wiederholt,<br>&#8211; gemeinsam 2 Bilder ausgew\u00e4hlt<br>alle Bilder werden professionell nachbearbeitet<br>die Bilder werden in gew\u00fcnschtem Format und Aufl\u00f6sung als Download zur Verf\u00fcgung gestellt<\/p>\n\n\n\n<p><\/p>\n\n\n\n<h2 class=\"wp-block-heading\">Portrait Outdoor mini<\/h2>\n\n\n\n<p>190 \u20ac<br>60 Minuten<br>F\u00fcr 1-2 Einzelpersonen<br>Outfitwechsel m\u00f6glich<br>Auswahl von 10 Bildern<br>jedes weitere Bild 7,5 \u20ac<\/p>\n\n\n\n<p><\/p>\n\n\n\n<h2 class=\"wp-block-heading\">Portrait Outdoor maxi<\/h2>\n\n\n\n<p>270 \u20ac<br>1,5 Stunden<br>F\u00fcr 1-2 Einzelpersonen<br>Outfitwechsel m\u00f6glich<br>Auswahl von 20 Bildern<br>jedes weitere Bild 7,5 \u20ac<\/p>\n","protected":false},"excerpt":{"rendered":"<p>Beim Portrait Shooting konzentriere ich mich auf einzelne Personen in Bezug auf Unternehmensfotos, Internetauftritt, Selbstst\u00e4ndigkeit oder Selbstverwirklichung. Wir besprechen im Vorwege das Ziel der Fotos, das passende Umfeld und ich k\u00fcmmere mich um das passende Setup, Belichtung, Bildkomposition und Posing. Das Shooting kann im Freien unter nat\u00fcrlichem Licht stattfinden oder auch in Geb\u00e4uden mit mobilem [&hellip;]<\/p>\n","protected":false},"author":1,"featured_media":0,"parent":0,"menu_order":0,"comment_status":"closed","ping_status":"closed","template":"","meta":{"footnotes":""},"class_list":["post-2738","page","type-page","status-publish","hentry"],"_links":{"self":[{"href":"https:\/\/martin-schwierz-fotografie.de\/index.php?rest_route=\/wp\/v2\/pages\/2738","targetHints":{"allow":["GET"]}}],"collection":[{"href":"https:\/\/martin-schwierz-fotografie.de\/index.php?rest_route=\/wp\/v2\/pages"}],"about":[{"href":"https:\/\/martin-schwierz-fotografie.de\/index.php?rest_route=\/wp\/v2\/types\/page"}],"author":[{"embeddable":true,"href":"https:\/\/martin-schwierz-fotografie.de\/index.php?rest_route=\/wp\/v2\/users\/1"}],"replies":[{"embeddable":true,"href":"https:\/\/martin-schwierz-fotografie.de\/index.php?rest_route=%2Fwp%2Fv2%2Fcomments&post=2738"}],"version-history":[{"count":3,"href":"https:\/\/martin-schwierz-fotografie.de\/index.php?rest_route=\/wp\/v2\/pages\/2738\/revisions"}],"predecessor-version":[{"id":2777,"href":"https:\/\/martin-schwierz-fotografie.de\/index.php?rest_route=\/wp\/v2\/pages\/2738\/revisions\/2777"}],"wp:attachment":[{"href":"https:\/\/martin-schwierz-fotografie.de\/index.php?rest_route=%2Fwp%2Fv2%2Fmedia&parent=2738"}],"curies":[{"name":"wp","href":"https:\/\/api.w.org\/{rel}","templated":true}]}}